-30b14
What is -1751217 (base 8) in base 4?
-1331022033
-11011031310 (base 5) to base 4
-231010122310
-30132321111 (base 4) to base 16
-31ee55
What is -a8734 (base 14) in base 11?
-259202
Convert 1564b6 (base 13) to base 5.
113344410
What is 455039 (base 12) in base 14?
20b96d
-62045 (base 8) to base 12
-12a05
Convert -413302 (base 6) to base 4.
-20012012
19b646 (base 13) to base 3
1020012112201
22210102001 (base 3) to base 11
109038
-441f5 (base 16) to base 11
-180703
63682 (base 14) to base 6
5051110
What is b6b46 (base 15) in base 11?
36656a
Convert -d63e1 (base 16) to base 8.
-3261741
Convert 1102936 (base 14) to base 10.
8074660
Convert 14413144 (base 5) to base 15.
30a34
What is -248112 (base 11) in base 10?
-391448
Convert -110101121000022 (base 3) to base 15.
-8a152e
17d1d (base 15) to base 13
291a9
What is 16374327 (base 8) in base 6?
213233051
Convert -20244054 (base 6) to base 10.
-581506
Convert -351959 (base 11) to base 6.
-15551122
What is 566860 (base 10) in base 16?
8a64c
-101100101101100011000010 (base 2) to base 4
-230231203002
What is 111210022110112 (base 3) in base 11?
4155902
Convert -49f889 (base 16) to base 12.
-17594b5
122033030 (base 6) to base 7
25603305
4e1855 (base 15) to base 3
21001121002122
What is 6d55b6 (base 14) in base 12?
1305078
4303020414 (base 5) to base 8
42351641
Convert -30213202 (base 5) to base 4.
-323000031
-446757 (base 8) to base 7
-1166205
What is -110111010010111000 (base 2) in base 13?
-7c122
-1155551 (base 8) to base 11
-1a8176
Convert -368610 (base 9) to base 11.
-142472
3550334 (base 8) to base 13
27cc52
What is -15ddd (base 16) in base 3?
-11112212020
What is 339e (base 15) in base 9?
16015
24752b (base 13) to base 10
873091
What is -4134410 (base 7) in base 6?
-14345045
Convert 1154043 (base 6) to base 9.
103700
What is -30b0ca (base 15) in base 6?
-121343344
-11111011101011001 (base 2) to base 13
-46861
What is -4894620 (base 10) in base 15?
-66a3d0
Convert -74198 (base 15) to base 5.
-43240433
What is -1231432 (base 5) in base 6?
-303024
Convert 8407 (base 9) to base 14.
2363
-120112011111 (base 3) to base 2
-1001010100110100100
285595 (base 11) to base 15
8c4ce
What is -9b6a (base 14) in base 13?
-c35a
Convert 54896 (base 11) to base 4.
103123302
What is 52094 (base 10) in base 16?
cb7e
-2511c0 (base 13) to base 14
-191825
Convert -13d895 (base 16) to base 15.
-1aa589
What is -22203040 (base 6) in base 9?
-1230226
Convert -14075 (base 10) to base 7.
-56015
What is -370684 (base 16) in base 8?
-15603204
Convert -2223331102 (base 4) to base 7.
-5662315
Convert 2946d5 (base 15) to base 5.
1002130200
Convert -182815 (base 10) to base 4.
-230220133
Convert 46230 (base 15) to base 3.
102100020100
Convert -220012000122 (base 3) to base 16.
-74396
What is 12120031 (base 4) in base 9?
38747
-565553 (base 7) to base 11
-69509
What is 14332233 (base 5) in base 7?
1202466
Convert 2020000000 (base 3) to base 4.
22223130
What is -71b95b (base 14) in base 3?
-21012211220221
Convert -110111110010011010110 (base 2) to base 10.
-1828054
-611515 (base 10) to base 13
-185458
What is -24344521 (base 8) in base 9?
-11068423
Convert 22033301 (base 4) to base 8.
121761
What is 818582 (base 13) in base 14?
58790c
Convert -b683 (base 12) to base 10.
-19971
Convert 12033326 (base 9) to base 16.
5989d4
-16611126 (base 8) to base 16
-3b1256
-368564 (base 15) to base 13
-705046
What is 356911 (base 12) in base 3?
1121210020111
What is 7dcb3 (base 16) in base 14?
d5ab9
What is -baa5 (base 14) in base 6?
-405253
-11101010111011111101011 (base 2) to base 16
-7577eb
What is 133467 (base 9) in base 16?
13d98
What is 4e6e1 (base 16) in base 11?
1aa3a5
10111111000110110100 (base 2) to base 7
6440064
Convert -22200222011 (base 3) to base 2.
-101001110100011100
What is 33041423 (base 5) in base 15?
59228
What is 1551755 (base 8) in base 2?
1101101001111101101
-69568 (base 12) to base 10
-140768
What is 1d4513 (base 16) in base 4?
13110110103
1cb3c (base 15) to base 11
64403
Convert -213213012312 (base 4) to base 15.
-da1a33
Convert 23c531 (base 16) to base 15.
3148cb
2013010313 (base 4) to base 5
120201041
-4723747 (base 8) to base 14
-25763d
1119505 (base 12) to base 7
36544601
What is -89303 (base 14) in base 8?
-1211507
Convert -110001100111100111 (base 2) to base 15.
-40344
What is -2a4940 (base 12) in base 4?
-2232021000
-184b74 (base 12) to base 15
-85654
Convert 1435214 (base 6) to base 2.
10100001101111010
What is 5026421 (base 7) in base 13?
17ac77
-34a609 (base 12) to base 6
-30100013
What is -530151 (base 6) in base 8?
-123523
Convert 11222211102 (base 3) to base 2.
10111111111110011
-10220213130 (base 4) to base 5
-302334230
201793 (base 12) to base 15
9d476
Convert -102030012 (base 4) to base 16.
-12306
-7133405 (base 8) to base 15
-2728c6
32479a0 (base 11) to base 3
101201212222100
What is 213431210 (base 6) in base 7?
44264523
What is -458a5a (base 12) in base 3?
-2002121120221
-11100010000000001 (base 2) to base 3
-12212201200
What is -2111021022 (base 3) in base 9?
-74238
What is -8373276 (base 9) in base 7?
-53024352
Convert 311002312303 (base 4) to base 3.
222011110112021
What is -462c6 (base 14) in base 15?
-35899
What is 21c158 (base 16) in base 2?
1000011100000101011000
Convert 8aab9 (base 12) to base 13.
66126
Convert -942065 (base 11) to base 9.
-2752327
What is 130f3c (base 16) in base 13?
349705
Convert -b31c0 (base 16) to base 14.
-151504
5277716 (base 10) to base 14
9b551a
What is -1100000101011000 (base 2) in base 4?
-30011120
What is 1349b (base 14) in base 2?
1011100111010001
What is -8cf9d (base 16) in base 2?
-10001100111110011101
-12163450 (base 8) to base 11
-1570a94
Convert -111030020 (base 4) to base 15.
-1aab2
What is 12102121122 (base 3) in base 13?
3985a
-23392 (base 15) to base 11
-77319
809259 (base 13) to base 10
2990529
What is 868c5 (base 13) in base 3?
110100120210
What is -157330 (base 8) in base 12?
-29020
What is -12410244030 (base 5) in base 3?
-1001211102111210
-33425 (base 14) to base 12
-5bb21
What is -5579bb (base 12) in base 15?
-1bd585
Convert a75dd (base 15) to base 10.
531208
Convert -232333020 (base 4) to base 16.
-2efc8
What is -112032312 (base 4) in base 3?
-11121220200
Convert 617844 (base 9) to base 3.
200121221111
Convert -30b08 (base 15) to base 3.
-21211201222
Convert -200212010222121 (base 3) to base 13.
-20cb618
What is 303045311 (base 6) in base 10?
5185195
What is 157743 (base 9) in base 16?
17d1b
Convert -17231123 (base 8) to base 6.
-221543255
What is -101011101001000100 (base 2) in base 4?
-223221010
What is 1485081 (base 9) in base 8?
3111043
Convert -101101111001000011110 (base 2) to base 9.
-2741710
What is -648400 (base 13) in base 7?
-26030131
Convert -a283d (base 16) to base 13.
-1a3ca9
What is -123003101 (base 4) in base 2?
-11011000011010001
What is 2231340 (base 5) in base 9?
60274
Convert -43d69 (base 14) to base 11.
-10268a
What is -923594 (base 12) in base 6?
-121003504
What is -211112120100201 (base 3) in base 5?
-11031302321
Convert 12545652 (base 7) to base 2.
100011001110111011110
-caf8 (base 16) to base 14
-14d16
-133077 (base 10) to base 11
-90a8a
Convert 43517 (base 13) to base 8.
355544
a8c3c (base 13) to base 11
199394
Convert -10001001010000001 (base 2) to base 16.
-11281
1747 (base 12) to base 13
1369
What is -121222541 (base 6) in base 3?
-11100002202121
Convert -24123 (base 7) to base 2.
-1100001100000
What is -110001100101011000 (base 2) in base 15?
-4029b
Convert 25411240 (base 7) to base 16.
232d95
Convert 13012322003 (base 4) to base 16.
1c6e83
-23102310 (base 5) to base 12
-9b670
What is -84b5b (base 15) in base 2?
-1100110110011000101
Convert -1201121210220 (base 3) to base 9.
-1647726
-230320210 (base 5) to base 2
-11111010100100000001
221311020 (base 5) to base 12
3a5538
Convert -201111323330 (base 4) to base 14.
-12374cc
What is a1d8b (base 15) in base 14?
d4ba1
d15a3 (base 16) to base 9
1546245
Convert 102021020111101 (base 3) to base 10.
5988367
-1238e (base 16) to base 11
-51093
Convert -379695 (base 10) to base 6.
-12045503
-b587a (base 14) to base 15
-89b82
Convert -98217 (base 13) to base 15.
-56723
-33783 (base 10) to base 8
-101767
-46006502 (base 8) to base 16
-980d42
-96865 (base 10) to base 7
-552256
35